 divisor of 73125 and 351.
117
Calculate the greatest common factor of 2920 and 50005.
365
What is the highest common factor of 2876 and 16537?
719
Calculate the highest common divisor of 31617 and 36.
9
Calculate the greatest common divisor of 437 and 7695.
19
What is the greatest common divisor of 10180 and 398547?
509
Calculate the highest common factor of 36419 and 922.
461
Calculate the highest common divisor of 42 and 131691.
21
Calculate the highest common divisor of 750816 and 10368.
864
Calculate the greatest common divisor of 5112 and 63261.
639
Calculate the highest common divisor of 18 and 111588.
6
Calculate the greatest common divisor of 6254 and 39353.
59
What is the greatest common divisor of 90 and 3834?
18
What is the greatest common divisor of 27671 and 16520?
413
Calculate the highest common divisor of 113146 and 143.
11
Calculate the greatest common divisor of 16 and 15144.
8
What is the highest common divisor of 315 and 122955?
105
Calculate the highest common factor of 374 and 107372.
34
What is the highest common divisor of 54 and 22221?
27
Calculate the highest common factor of 153 and 1819.
17
What is the greatest common factor of 874 and 14?
2
What is the greatest common factor of 9903540 and 15?
15
Calculate the highest common factor of 4610 and 20.
10
What is the highest common factor of 982198 and 14?
14
Calculate the highest common divisor of 407 and 10841.
37
What is the highest common factor of 16415 and 490?
245
What is the highest common factor of 191292 and 76?
76
What is the highest common factor of 152 and 63688?
152
What is the highest common factor of 63037 and 117?
13
Calculate the highest common divisor of 109632 and 125049.
1713
What is the greatest common factor of 310 and 1010?
10
What is the highest common factor of 1267 and 1701?
7
What is the highest common factor of 5960 and 505855?
745
Calculate the highest common divisor of 1498256 and 2320.
464
Calculate the greatest common divisor of 22389 and 2499.
51
What is the highest common factor of 1774 and 38?
2
Calculate the greatest common divisor of 6174 and 7686.
126
Calculate the highest common factor of 108265 and 10.
5
Calculate the highest common factor of 1577975 and 14.
7
What is the highest common divisor of 8118 and 205533?
369
What is the greatest common factor of 1448 and 11041?
181
Calculate the highest common factor of 231 and 470283.
33
Calculate the highest common factor of 5373844 and 281.
281
Calculate the highest common divisor of 302 and 2906599.
151
What is the highest common divisor of 2386 and 1177491?
1193
Calculate the greatest common divisor of 75545 and 1160.
145
What is the greatest common factor of 1643 and 7156908?
1643
Calculate the greatest common factor of 4980 and 148570.
830
What is the highest common divisor of 6810 and 4650?
30
Calculate the highest common factor of 408 and 333132.
204
What is the greatest common factor of 607 and 7896463?
607
What is the highest common divisor of 818276 and 124?
124
What is the greatest common divisor of 16117 and 1589?
227
Calculate the highest common factor of 506 and 9658.
22
What is the greatest common factor of 21 and 337197?
21
Calculate the highest common factor of 606 and 30.
6
What is the greatest common divisor of 3029 and 2330?
233
Calculate the highest common factor of 812 and 224.
28
Calculate the greatest common divisor of 244 and 610.
122
What is the highest common divisor of 934600 and 80?
40
What is the highest common factor of 5174 and 39999?
199
What is the greatest common divisor of 300 and 306036?
12
Calculate the greatest common factor of 45 and 30303.
9
What is the highest common factor of 10890 and 795?
15
Calculate the highest common factor of 6441 and 152211.
339
Calculate the greatest common factor of 4273566 and 132.
66
What is the greatest common divisor of 56 and 7960792?
56
Calculate the highest common factor of 87364 and 8.
4
Calculate the greatest common divisor of 1875 and 14520.
15
What is the greatest common divisor of 1776858 and 310?
62
Calculate the greatest common divisor of 1184 and 544.
32
What is the highest common factor of 217022 and 102?
34
What is the greatest common divisor of 147270 and 18?
6
What is the highest common divisor of 416 and 779896?
104
What is the greatest common divisor of 15 and 33815?
5
Calculate the highest common factor of 2329 and 39848.
17
What is the highest common factor of 6223 and 718312?
889
What is the greatest common divisor of 18039 and 1743?
21
Calculate the highest common factor of 1752 and 16206.
438
Calculate the greatest common factor of 1062 and 808713.
531
Calculate the greatest common divisor of 153850 and 10.
10
Calculate the highest common factor of 406 and 55738.
58
Calculate the highest common factor of 7902867 and 49.
49
What is the highest common factor of 22 and 451638?
22
Calculate the highest common divisor of 1323555 and 15.
15
Calculate the highest common divisor of 10725 and 1417650.
975
What is the highest common divisor of 10076 and 220?
44
Calculate the highest common divisor of 69842 and 376.
94
Calculate the greatest common factor of 876 and 395268.
12
What is the greatest common factor of 1197661 and 311?
311
Calculate the highest common factor of 4 and 20598.
2
What is the greatest common factor of 273702 and 66?
66
What is the highest common divisor of 17320 and 2253332?
1732
What is the greatest common divisor of 3469012 and 4?
4
What is the greatest common divisor of 282 and 1126214?
94
Calculate the highest common factor of 3887 and 92.
23
Calculate the highest common divisor of 225 and 175095.
45
What is the highest common factor of 882 and 289394?
98
What is the greatest common divisor of 10918 and 11639?
103
What is the highest common factor of 136634 and 53?
53
Calculate the highest common divisor of 44581 and 6953.
409
What is the greatest common factor of 26215 and 1911?
49
Calculate the highest common divisor of 1321375 and 434.
31
Calculate the greatest common factor of 272 and 986.
34
Calculate the highest common divisor of 1278 and 10100034.
1278
What is the greatest common factor of 54 and 124254?
54
What is the greatest common divisor of 103015 and 110?
55
Calculate the greatest common factor of 3016 and 600288.
104
What is the highest common divisor of 66 and 581878?
22
What is the highest common factor of 222404 and 658?
658
What is the greatest common factor of 7938 and 245?
49
Calculate the greatest common divisor of 131486 and 116.
58
What is the greatest common divisor of 13936 and 702?
26
What is the highest common factor of 997480 and 22?
22
What is the highest common divisor of 60 and 70995?
15
Calculate the highest common factor of 9 and 795051.
9
What is the greatest common divisor of 1408 and 78672?
176
What is the greatest common factor of 4288 and 1664?
64
What is the highest common factor of 7190 and 890?
10
What is the greatest common divisor of 1027 and 38552?
79
What is the highest common divisor of 2341151 and 93?
31
What is the highest common divisor of 2048704 and 136?
136
What is the highest common divisor of 53001 and 351?
351
What is the highest common divisor of 37876 and 544?
68
Calculate the greatest common divisor of 23360 and 6080.
320
What is the highest common divisor of 50 and 3362225?
25
Calculate the highest common factor of 1050 and 1332870.
210
What is the highest common divisor of 104 and 397150?
26
What is the greatest common factor of 702 and 7488?
234
What is the greatest common divisor of 2809 and 6996?
53
What is the highest common divisor of 6162 and 75192?
78
Calculate the highest common factor of 18 and 830493.
9
What is the highest common factor of 1625 and 2475?
25
What is the highest common factor of 162349 and 11?
11
Calculate the greatest common factor of 170165 and 15.
5
What is the greatest common divisor of 122138 and 17992?
346
Calculate the greatest common factor of 22 and 125389.
11
Calculate the greatest common factor of 2171486 and 1630.
326
Calculate the highest common factor of 17449 and 4.
1
Calculate the greatest common divisor of 42551 and 34.
17
Calculate the highest common factor of 12393 and 612.
153
Calculate the highest common factor of 52962 and 2.
2
Calculate the highest common factor 